f g and u?
26
Suppose -3*k = -4*v - 29, -v - 12 = -2*k - 2*v. Let s be 4/(-3)*(-15)/5. Suppose s*n - k = -3. What is the greatest common factor of n and 11?
1
Let s(x) = 5*x**3 + 4*x**2 + 2*x + 7. Let i be s(5). Calculate the highest common factor of i and 14.
14
Let l(v) = 5*v**2 + 28*v + 52. Let o be l(-8). Calculate the greatest common divisor of o and 740.
148
Let v(y) = y**3 + 56*y**2 + 50*y - 77. Let z be v(-55). Calculate the highest common divisor of 264 and z.
66
Let y(l) = l**2 + 7*l + 5. Let j be y(-4). Let c = j + 7. Suppose -m + 2*x + 98 = c, 0*m + 388 = 4*m - 4*x. What is the highest common factor of m and 16?
16
Suppose 3*c = 2*w + 39, -2*c - 2*w = 3*c - 81. Calculate the highest common factor of 20 and c.
5
Let n(x) = x**2 - 3*x - 6. Let f be n(6). Suppose -6*m - 16 = -64. Suppose m = 11*o - 36. Calculate the highest common factor of f and o.
4
Suppose -4*k + 715 = 9*k. What is the greatest common factor of k and 40?
5
Suppose -42 = w - 3*w. Suppose -108 = z - 116. Suppose z*b = 17*b - 126. What is the greatest common divisor of w and b?
7
Suppose 52 = -8*g + 4*g. Let x = g + 10. Let p be (x/4)/((-3)/12). What is the greatest common divisor of p and 6?
3
Let v = -1656 - -1672. What is the highest common divisor of v and 2?
2
Suppose 6*t = 4*t + 4*z - 8, -5*t - 3*z + 32 = 0. Suppose -38 = -t*a + 26. Suppose -4*v - 20 = -g, -3 = -v - 2*v. What is the greatest common factor of a and g?
8
Suppose -31 = -54*z + 77. Calculate the highest common divisor of z and 117.
1
Let b(f) = f**2 - 5*f + 2. Let l be b(-4). Suppose 3*d + 14 - l = 0. Calculate the highest common factor of 16 and d.
8
Let o = -4 + 11. Suppose -13 = 9*t - 454. What is the greatest common factor of t and o?
7
Let u be (-4096)/(-9) + 31/(-279). Calculate the highest common divisor of u and 65.
65
Suppose 7636 = 57*b - 458. Calculate the highest common divisor of 1349 and b.
71
Let t(n) = -2*n**3 + 33*n**2 + 20*n - 41. Let q be t(17). What is the highest common factor of 10 and q?
10
Let l(h) = h**2 - h - 123. Let k be l(-12). Suppose 0 = 2*a - 3*a. Suppose 4*o - 926 + 266 = a. Calculate the greatest common factor of k and o.
33
Let z be 7*(-6)/21*-3. Suppose -4 = 5*u + 3*l, 0*u + 3*u - z = l. Let g be (0 + 6)/1 - u. What is the highest common factor of 1 and g?
1
Let i(v) be the second derivative of v**5/20 + 5*v**4/12 + 2*v**2 - 11*v. Let d be i(-4). What is the greatest common factor of d and 10?
10
Suppose r + 1375 = 5*w - 1154, 3*w = -r + 1519. Calculate the greatest common factor of w and 23.
23
Let z = 683 + -518. What is the greatest common divisor of 121 and z?
11
Let g(r) = 8*r**2 - 3*r. Let v be g(-3). Let k = v + -46. Suppose 0 = 3*l - k + 11. Calculate the greatest common factor of 8 and l.
8
Let i be (-8 - (-1 - 0))*-7. Suppose 2*r = r + 5. Suppose 26 = 3*u + r. Calculate the highest common divisor of u and i.
7
Let l(y) = -3*y + 30. Let s be l(9). Let d(t) = -t**3 + 6*t**2 - 3*t - 2. Let u be d(s). Calculate the greatest common factor of u and 1.
1
Suppose -17*i = -11*s + 13*s - 46, -s = -3*i. Suppose 0 = 3*z - 36. Calculate the highest common divisor of z and s.
6
Let u be -1 + 2 - 1 - -2. Let l = -59 + 60. Let q be (2 - l) + -1 + (0 - -2). Calculate the greatest common divisor of q and u.
2
Let c = 965 + -893. Calculate the highest common factor of 27 and c.
9
Let g = -16 - -36. Suppose -2*c - 12 + 17 = u, 2*c = -2*u + 10. Suppose 5*j + u*f = g, 4*j = -j + f + 38. What is the highest common factor of 14 and j?
7
Let u = -12 - -15. Let m be 5*3*(5 - u). Suppose -5*g = 3*o - 35, -4*g - 4*o = -20 - 0. What is the greatest common factor of g and m?
10
Let l(q) = 5*q**2 + 4*q - 15. Let c be l(4). Calculate the greatest common divisor of 135 and c.
27
Let q(i) = i**2 - 4*i - 10. Let c be q(6). Suppose c*u - 60 = -8. Calculate the greatest common divisor of u and 26.
26
Let s = 75 - 71. What is the highest common factor of 6 and s?
2
Let a(g) = g**2 + g - 25. Suppose 3*y - 5*q - 23 + 5 = 0, 4*q - 18 = -3*y. Let k be a(y). Calculate the highest common factor of 17 and k.
17
Let v = -386 - -524. Calculate the highest common divisor of 46 and v.
46
Let r be ((-120)/50)/((-4)/170). Calculate the highest common factor of 544 and r.
34
Suppose -m = w - 46, 12*m - 38 = -w + 9*m. What is the highest common divisor of w and 1150?
50
Let k = 259 + 5. Calculate the highest common divisor of 154 and k.
22
Suppose k + 110 = 4*k - 4*a, 30 = k + 2*a. Calculate the greatest common divisor of k and 51.
17
Let m(x) = -156*x + 1561. Let t be m(10). Let g(i) = -i**2 + 5*i - 4. Let r be g(3). Calculate the greatest common divisor of r and t.
1
Let w(o) = 2*o**3 - o**2 - 13*o - 7. Let l be w(7). What is the greatest common divisor of l and 196?
49
Let v be (3/5 + 176/(-160))*-126. Let s be -21*(-1 - -2)*-1. Calculate the highest common factor of v and s.
21
Let p(w) = 21*w**2 + 2*w - 66. Let i be p(10). Calculate the greatest common factor of 26 and i.
26
Let h = -338 + 360. Suppose 4*l + 2*g + 2 = 0, -5*g - 9 = -l - 4. Suppose v + l*v = 55. What is the greatest common divisor of v and h?
11
Let j(y) = 5*y**2 - 2*y + 1. Let m be j(1). Suppose -4*x = 5*r - 32 - 48, x + 48 = 3*r. What is the greatest common divisor of r and m?
4
Suppose -17 - 151 = 7*p. Suppose 27 = a - 0*a. Let z be (a/(-12))/(6/p). Calculate the highest common factor of 1 and z.
1
Suppose 0 = 2*x + 6, -4*x - 15 = 2*a - 3*a. Suppose 33 = 3*i + a*p, 3*i = 5*i - 2*p - 14. Calculate the greatest common divisor of i and 3.
3
Let w = -258 - -313. What is the highest common factor of 44 and w?
11
Suppose 27 = 2*y - q, -2*q + 40 = 5*y - 23. Calculate the highest common divisor of y and 13.
13
Let a be ((-89)/(-5))/((-2)/(-10)). Calculate the highest common factor of a and 267.
89
Let w = 736 - 732. Calculate the greatest common divisor of 92 and w.
4
Let h(p) = -2*p + 8. Let n be h(-21). Suppose -4*d - 2 + n = -2*v, 0 = -4*d + v + 46. What is the highest common factor of 11 and d?
11
Let t(m) = 146*m - 69. Let z be t(3). What is the highest common divisor of z and 41?
41
Let s = 90 - -8. Let p = -6565 + 6579. Calculate the greatest common divisor of s and p.
14
Let g(m) = 3*m**3 - 2*m**2 + 3*m - 1. Let c be g(2). Let t = -9 + c. Suppose 4*h = -2*l + 2*h + t, 4*l - 44 = h. What is the greatest common factor of 5 and l?
5
Let w(q) = q**3 - 6*q**2 + 5*q + 5. Let p be w(5). Let a = p + 2. Let z(j) = -34*j + 5005. Let s be z(147). Calculate the highest common divisor of s and a.
7
Let m be -3*4*3/(-72)*76. Calculate the highest common divisor of 437 and m.
19
Suppose 5*d - 208 = -5*a + a, 3*d - 5*a - 147 = 0. Let s be -3 - -4 - (-7 - -2). Let m = s + 5. Calculate the greatest common factor of m and d.
11
Let w = 9 + 2. Let v(s) = -s**3 - 11*s**2 + 14*s + 9. Let h be v(-13). Suppose 0 = -k + 4*k - h. Calculate the highest common divisor of w and k.
11
Suppose -3*t - 328 + 950 = 2*l, t = 4*l + 184. Suppose -45*x + 732 = 16*x. Calculate the highest common divisor of x and t.
12
Let k = -40 - -40. Suppose k = -3*v + 146 + 190. What is the highest common factor of 16 and v?
16
Let k(c) = c**2 + 3. Let l be k(5). Suppose 0*f + f = l. Let t be ((-42)/12)/(-1 + (-3)/(-6)). Calculate the greatest common divisor of f and t.
7
Suppose -27*o + 667 = -251. What is the greatest common factor of 221 and o?
17
Let z = 22 - 15. Calculate the highest common divisor of z and 2.
1
Let r = 27 + 6. Suppose -5*a + r = -117. Suppose a - 2 = 2*z. What is the greatest common divisor of z and 14?
14
Let f be 12/(-30) + 60/25. Suppose g - 2*g = -3. Let z = -1 + g. What is the greatest common divisor of f and z?
2
Let u be 405 + (4 - 5)/((-4)/(-8)). Calculate the highest common factor of 31 and u.
31
Let d(u) be the second derivative of u**4/4 - 4*u**3/3 - 3*u**2 + 8*u + 2. Let t be d(9). What is the greatest common divisor of 15 and t?
15
Suppose -5*n - 4*w + 134 = 0, -6*w + 2*w + 4 = 0. Calculate the greatest common factor of n and 624.
26
Let n(v) = -v**2 + 11*v + 8. Let h(u) = -3*u - 7. Let s be h(-6). Let z be n(s). Let b be ((-198)/12)/((-6)/32). What is the highest common factor of b and z?
8
Let c(r) = 11*r + 5. Let s be c(-8). Let i = s - -119. Let u be (3/6)/((-1)/(-36)). What is the greatest common divisor of i and u?
18
Let b(f) = -74*f + 